{"id":3595,"date":"2023-10-15T22:04:37","date_gmt":"2023-10-15T22:04:37","guid":{"rendered":"https:\/\/kidsworldschool.cl\/?page_id=3595"},"modified":"2025-09-23T21:29:44","modified_gmt":"2025-09-23T21:29:44","slug":"convivencia-escolar","status":"publish","type":"page","link":"https:\/\/kidsworldschool.cl\/index.php\/convivencia-escolar\/","title":{"rendered":"Convivencia Escolar"},"content":{"rendered":"<section class=\"wpb-content-wrapper\"><p>[vc_row][vc_column][stm_spacing lg_spacing=&#8221;80&#8243; md_spacing=&#8221;80&#8243; sm_spacing=&#8221;80&#8243; xs_spacing=&#8221;40&#8243;][\/vc_column][\/vc_row][vc_row css=&#8221;.vc_custom_1697415419753{background-color: #d6d6d6 !important;}&#8221;][vc_column width=&#8221;1\/2&#8243;][vc_column_text]La convivencia escolar, en el contexto educativo, da cuenta de la forma en que los miembros de nuestra comunidad se relacionan e interact\u00faan entre s\u00ed, \u00a0puesto que a trav\u00e9s de ella se modelan y establece la interrelaci\u00f3n humana para convivir en un ambiente de respeto y armon\u00eda.[\/vc_column_text][stm_testimonials stm_testimonial_type=&#8221;single_static&#8221;]&#8221;&#8221;En KWS, la convivencia escolar es m\u00e1s que una norma, es un lazo que nos une. Aqu\u00ed, la responsabilidad de construir un ambiente de respeto y armon\u00eda recae en cada uno de nosotros. Juntos, creamos un lugar donde cada sonrisa, cada amistad y cada logro son razones para sentirnos orgullosos de formar parte de esta comunidad.&#8221;[\/stm_testimonials][\/vc_column][vc_column width=&#8221;1\/2&#8243;][vc_gallery interval=&#8221;3&#8243; images=&#8221;3598&#8243; img_size=&#8221;large&#8221;][\/vc_column][\/vc_row][vc_row][vc_column][vc_column_text]El presente \u201cReglamento de Convivencia Escolar\u201d del Establecimiento Educacional \u201cCorporaci\u00f3n Educacional Kid\u00b4s World, de Coquimbo\u201d, es el resultado del trabajo realizado por todos los estamentos: Directivos, Docentes, Asistentes de la Educaci\u00f3n, Profesionales P.I.E, Estudiantes, padres y Apoderados.<\/p>\n<p>Su prop\u00f3sito es incentivar, en todos los integrantes de nuestro Colegio, el respeto mutuo, el ejercicio del di\u00e1logo, el entendimiento democr\u00e1tico y participativo, afianzar los procedimientos de mediaci\u00f3n y\/o resoluci\u00f3n de conflictos. Por otra parte, persigue el compromiso de los padres,<br \/>\nmadres y\/o apoderados, a promover en el hogar la tolerancia, el respeto a la dignidad y a los derechos de cada persona.<\/p>\n<p>Nuestro prop\u00f3sito como colegio laico humanista \u2013cient\u00edfico, con sello ingl\u00e9s, es formativo y transformador, nos invita a comprometernos en desarrollar en nuestros educandos, las competencias, habilidades, actitudes personales y pr\u00e1cticas sociales que favorezcan el crecimiento personal, en todas sus dimensiones, privilegiando el aprendizaje significativo y la valiosa pr\u00e1ctica de vivir en armon\u00eda con todos y todas.[\/vc_column_text][vc_column_text]Este reglamento tiene como objetivo principal establecer y promover acciones que favorezcan una convivencia basada en valores compartidos, fortaleciendo la cultura escolar como un espacio de respeto, inclusi\u00f3n y diversidad. A trav\u00e9s de estas acciones, buscamos dotar a los estudiantes de las herramientas necesarias para vivir en sociedad, respetando las caracter\u00edsticas individuales de cada persona y adapt\u00e1ndose a contextos diversos.[\/vc_column_text][stm_title title=&#8221;Protocolos de Actuaci\u00f3n&#8221;][\/stm_title][vc_column_text]El reglamento incluye <strong>Protocolos de Actuaci\u00f3n<\/strong> espec\u00edficos que complementan este documento normativo y abordan situaciones concretas que pueden surgir en la comunidad educativa, tales como maltrato escolar, accidentes, maternidad y paternidad adolescente, agresiones sexuales, y casos relacionados con el consumo de drogas y alcohol por parte de los estudiantes.<\/p>\n<p>Estos protocolos est\u00e1n dise\u00f1ados para garantizar procedimientos claros y equitativos, enmarcados en la normativa vigente y alineados con los principios del justo y debido proceso. Su difusi\u00f3n se realiza mediante diversos canales de comunicaci\u00f3n del establecimiento y a trav\u00e9s de instancias educativas, para asegurar que todos los integrantes de la comunidad escolar los conozcan y comprendan.[\/vc_column_text][stm_title title=&#8221;Compromiso de la Comunidad Educativa&#8221;][\/stm_title][vc_column_text]El reglamento destaca la importancia del compromiso de los padres, madres y apoderados como los primeros responsables en la formaci\u00f3n de sus hijos, quienes deben promover valores fundamentales desde el hogar. Asimismo, considera a cada miembro de la comunidad educativa como un sujeto de derechos y responsabilidades, cuya participaci\u00f3n activa es esencial para construir una convivencia escolar positiva.<\/p>\n<p>Este documento ser\u00e1 revisado y actualizado peri\u00f3dicamente, con el fin de responder a los cambios y necesidades de la comunidad educativa, cumpliendo con la normativa educacional vigente. La actualizaci\u00f3n se realiza mediante un trabajo conjunto con un equipo multidisciplinario, garantizando que refleje los principios y valores que nos identifican como instituci\u00f3n.[\/vc_column_text][stm_title title=&#8221;Antecedentes Institucionales&#8221;][\/stm_title][vc_column_text]La <strong>Corporaci\u00f3n Educacional Kid\u2019s World<\/strong>, ubicada en la comuna de Coquimbo, tiene como misi\u00f3n impartir educaci\u00f3n de calidad, de acuerdo con las pol\u00edticas educacionales del Gobierno de Chile y la legislaci\u00f3n vigente. Nuestro objetivo es fortalecer en los estudiantes los principios b\u00e1sicos de urbanidad, los valores universales y las competencias que les permitan contribuir positivamente a la sociedad.[\/vc_column_text][\/vc_column][\/vc_row][vc_row content_placement=&#8221;middle&#8221;][vc_column width=&#8221;1\/2&#8243;][vc_column_text]Por su parte, el Colegio destaca el compromiso de los padres, madres y apoderados como primeros responsables de la formaci\u00f3n de sus hijos, y considera a cada uno de los actores de la comunidad educativa como sujetos de derechos y responsabilidades, es por ello que se elabor\u00f3 y socializ\u00f3 con los diferentes estamentos de la comunidad educativa y se actualiz\u00f3 con un grupo multidisciplinario del Colegio. La actualizaci\u00f3n de este documento se realizar\u00e1 de acuerdo a lo indicado en la normativa educacional vigente, al menos una vez por a\u00f1o.[\/vc_column_text][stm_spacing lg_spacing=&#8221;80&#8243; md_spacing=&#8221;80&#8243; sm_spacing=&#8221;80&#8243; xs_spacing=&#8221;40&#8243;][\/vc_column][vc_column width=&#8221;1\/2&#8243;][stm_title title_tag=&#8221;h3&#8243; title_align=&#8221;center&#8221; title=&#8221;Descargar Reglamento de Convivencia Escolar&#8221;][\/stm_title][vc_btn title=&#8221;Descargar Reglamento 2025&#8243; color=&#8221;peacoc&#8221; align=&#8221;center&#8221; i_icon_fontawesome=&#8221;far fa-file-pdf&#8221; add_icon=&#8221;true&#8221; link=&#8221;url:http%3A%2F%2Fkidsworldschool.cl%2Fwp-content%2Fuploads%2F2025%2F09%2FREGLAMENTO-DE-CONVIVENCIA-ESCOLAR-2025-23092025.pdf&#8221;][\/vc_column][\/vc_row]<\/p>\n<\/section>","protected":false},"excerpt":{"rendered":"<p>[vc_row][vc_column][stm_spacing lg_spacing=&#8221;80&#8243; md_spacing=&#8221;80&#8243; sm_spacing=&#8221;80&#8243; xs_spacing=&#8221;40&#8243;][\/vc_column][\/vc_row][vc_row css=&#8221;.vc_custom_1697415419753{background-color: #d6d6d6 !important;}&#8221;][vc_column width=&#8221;1\/2&#8243;][vc_column_text]La convivencia escolar, en el contexto educativo, da cuenta de la forma en que los miembros de nuestra comunidad se relacionan e interact\u00faan entre s\u00ed, \u00a0puesto que a trav\u00e9s de ella se modelan y establece la interrelaci\u00f3n humana para convivir en un ambiente de respeto y armon\u00eda.[\/vc_column_text][stm_testimonials [&hellip;]<\/p>\n","protected":false},"author":1,"featured_media":0,"parent":0,"menu_order":0,"comment_status":"closed","ping_status":"closed","template":"","meta":{"om_disable_all_campaigns":false,"_monsterinsights_skip_tracking":false,"_monsterinsights_sitenote_active":false,"_monsterinsights_sitenote_note":"","_monsterinsights_sitenote_category":0,"_uf_show_specific_survey":0,"_uf_disable_surveys":false,"h5ap_radio_sources":[],"footnotes":""},"class_list":["post-3595","page","type-page","status-publish","hentry"],"aioseo_notices":[],"_links":{"self":[{"href":"https:\/\/kidsworldschool.cl\/index.php\/wp-json\/wp\/v2\/pages\/3595","targetHints":{"allow":["GET"]}}],"collection":[{"href":"https:\/\/kidsworldschool.cl\/index.php\/wp-json\/wp\/v2\/pages"}],"about":[{"href":"https:\/\/kidsworldschool.cl\/index.php\/wp-json\/wp\/v2\/types\/page"}],"author":[{"embeddable":true,"href":"https:\/\/kidsworldschool.cl\/index.php\/wp-json\/wp\/v2\/users\/1"}],"replies":[{"embeddable":true,"href":"https:\/\/kidsworldschool.cl\/index.php\/wp-json\/wp\/v2\/comments?post=3595"}],"version-history":[{"count":20,"href":"https:\/\/kidsworldschool.cl\/index.php\/wp-json\/wp\/v2\/pages\/3595\/revisions"}],"predecessor-version":[{"id":4320,"href":"https:\/\/kidsworldschool.cl\/index.php\/wp-json\/wp\/v2\/pages\/3595\/revisions\/4320"}],"wp:attachment":[{"href":"https:\/\/kidsworldschool.cl\/index.php\/wp-json\/wp\/v2\/media?parent=3595"}],"curies":[{"name":"wp","href":"https:\/\/api.w.org\/{rel}","templated":true}]}}