{"id":3610,"date":"2023-10-16T04:47:02","date_gmt":"2023-10-16T04:47:02","guid":{"rendered":"https:\/\/kidsworldschool.cl\/?page_id=3610"},"modified":"2023-12-19T17:37:39","modified_gmt":"2023-12-19T17:37:39","slug":"competencias-equipo-de-gestion","status":"publish","type":"page","link":"https:\/\/kidsworldschool.cl\/index.php\/competencias-equipo-de-gestion\/","title":{"rendered":"Competencias Equipo de Gesti\u00f3n"},"content":{"rendered":"<section class=\"wpb-content-wrapper\"><p>[vc_row equal_height=&#8221;yes&#8221; content_placement=&#8221;bottom&#8221;][vc_column width=&#8221;1\/4&#8243;][stm_title title_tag=&#8221;h2&#8243; sep_color=&#8221;custom&#8221; sep_enable=&#8221;true&#8221; title=&#8221;Inspector&#8221; sep_color_custom=&#8221;#7a1a1c&#8221;][\/stm_title][vc_single_image image=&#8221;3615&#8243; alignment=&#8221;center&#8221;][\/vc_column][vc_column width=&#8221;3\/4&#8243;][stm_spacing lg_spacing=&#8221;80&#8243; md_spacing=&#8221;80&#8243; sm_spacing=&#8221;80&#8243; xs_spacing=&#8221;40&#8243;][vc_column_text]Las competencias m\u00e1s relevantes: Apoyar el desarrollo de la convivencia escolar, Mantener la convivencia escolar, Educar y formar transversalmente a los estudiantes de la comunidad educativa, Resguardar la integridad de los estudiantes, Realizar labores Administrativas de la inspector\u00eda general, Apoyo al modelo de desarrollo de la unidad educativa, Mantener la trayectoria educativa conductual de los(as) estudiantes. Las\u00a0competencias m\u00e1s\u00a0relevantes: Apoyar el desarrollo de la convivencia escolar, Mantener la convivencia\u00a0escolar, Educar y formar transversalmente a los estudiantes de la comunidad educativa, Resguardar la integridad de los estudiantes, Realizar labores Administrativas\u00a0de la inspector\u00eda\u00a0general, Apoyo\u00a0al modelo de desarrollo de la unidad educativa, Mantener la trayectoria educativa conductual de los(as) estudiantes.[\/vc_column_text][\/vc_column][\/vc_row][vc_row][vc_column][stm_spacing lg_spacing=&#8221;80&#8243; md_spacing=&#8221;80&#8243; sm_spacing=&#8221;80&#8243; xs_spacing=&#8221;40&#8243;][\/vc_column][\/vc_row][vc_row equal_height=&#8221;yes&#8221; content_placement=&#8221;bottom&#8221;][vc_column width=&#8221;3\/4&#8243;][vc_column_text]Capacidad para tomar decisiones, flexibilidad y adaptabilidad al cambio, capacidad de aprendizaje, para trabajar en equipo, formaci\u00f3n coherente con el \u00e1mbito educativo (curr\u00edculo, evaluaci\u00f3n y gesti\u00f3n escolar), liderazgo y capacidad de comunicaci\u00f3n e interacci\u00f3n personal, capacidad para resolver problemas. Y orientaci\u00f3n \u00e9tica.[\/vc_column_text][\/vc_column][vc_column width=&#8221;1\/4&#8243;][stm_title title_tag=&#8221;h2&#8243; sep_color=&#8221;custom&#8221; sep_enable=&#8221;true&#8221; title=&#8221;Jefa de UTP&#8221; sep_color_custom=&#8221;#7a1a1c&#8221;][\/stm_title][vc_single_image image=&#8221;3636&#8243; alignment=&#8221;center&#8221;][\/vc_column][\/vc_row][vc_row][vc_column][stm_spacing lg_spacing=&#8221;80&#8243; md_spacing=&#8221;80&#8243; sm_spacing=&#8221;80&#8243; xs_spacing=&#8221;40&#8243;][\/vc_column][\/vc_row][vc_row equal_height=&#8221;yes&#8221; content_placement=&#8221;bottom&#8221;][vc_column width=&#8221;1\/4&#8243;][stm_title title_tag=&#8221;h2&#8243; sep_color=&#8221;custom&#8221; sep_enable=&#8221;true&#8221; title=&#8221;Orientadora&#8221; sep_color_custom=&#8221;#7a1a1c&#8221;][\/stm_title][vc_single_image image=&#8221;3613&#8243; alignment=&#8221;center&#8221;][\/vc_column][vc_column width=&#8221;3\/4&#8243;][stm_spacing lg_spacing=&#8221;80&#8243; md_spacing=&#8221;80&#8243; sm_spacing=&#8221;80&#8243; xs_spacing=&#8221;40&#8243;][vc_column_text]Como encargada del \u00e1rea de orientaci\u00f3n ofrezco a los ni\u00f1os, ni\u00f1as y adolescentes que son parte de la comunidad, y por medio de las actividades propias del Departamento de orientaci\u00f3n, un espacio participativo en la formaci\u00f3n afectiva, social y acad\u00e9mica, que les permitan un desarrollo equilibrado de su personalidad, su proyecto de vida y la convivencia con sus pares, a trav\u00e9s de la empat\u00eda y escucha activa.[\/vc_column_text][\/vc_column][\/vc_row][vc_row][vc_column][stm_spacing lg_spacing=&#8221;80&#8243; md_spacing=&#8221;80&#8243; sm_spacing=&#8221;80&#8243; xs_spacing=&#8221;40&#8243;][\/vc_column][\/vc_row][vc_row equal_height=&#8221;yes&#8221; content_placement=&#8221;bottom&#8221;][vc_column width=&#8221;3\/4&#8243;][vc_column_text]Soy Iv\u00f3n Galleguillos Cort\u00e9s, coordinadora del Programa de Integraci\u00f3n Escolar, educadora diferencial especialista en desarrollo y aprendizaje. Desde mi rol realizo una organizaci\u00f3n y seguimiento del trabajo de las educadoras diferenciales y asistentes profesionales, favoreciendo el trabajo colaborativo, en funci\u00f3n de las necesidades educativas especiales que presentan los estudiantes.[\/vc_column_text][\/vc_column][vc_column width=&#8221;1\/4&#8243;][stm_title title_tag=&#8221;h2&#8243; sep_color=&#8221;custom&#8221; sep_enable=&#8221;true&#8221; title=&#8221;Coordinadora PIE&#8221; sep_color_custom=&#8221;#7a1a1c&#8221;][\/stm_title][vc_single_image image=&#8221;3630&#8243; alignment=&#8221;center&#8221;][\/vc_column][\/vc_row][vc_row][vc_column][stm_spacing lg_spacing=&#8221;80&#8243; md_spacing=&#8221;80&#8243; sm_spacing=&#8221;80&#8243; xs_spacing=&#8221;40&#8243;][\/vc_column][\/vc_row][vc_row equal_height=&#8221;yes&#8221; content_placement=&#8221;bottom&#8221;][vc_column width=&#8221;1\/4&#8243;][stm_title title_tag=&#8221;h2&#8243; sep_color=&#8221;custom&#8221; sep_enable=&#8221;true&#8221; title=&#8221;Encargado de Convivencia Escolar&#8221; sep_color_custom=&#8221;#7a1a1c&#8221;][\/stm_title][vc_single_image image=&#8221;3632&#8243; alignment=&#8221;center&#8221;][\/vc_column][vc_column width=&#8221;3\/4&#8243;][stm_spacing lg_spacing=&#8221;80&#8243; md_spacing=&#8221;80&#8243; sm_spacing=&#8221;80&#8243; xs_spacing=&#8221;40&#8243;][vc_column_text]Soy Sebasti\u00e1n Ben\u00edtez, encargado de convivencia escolar desarrollando el cargo desde m\u00e1s de 11 a\u00f1os, incorporando habilidades blandas tales como escucha activa, empat\u00eda, asertividad, que pongo a disposici\u00f3n en el trabajo colaborativo con los diferentes estamentos, dentro de las responsabilidades de mi cargo es importante ejecutar e implementar\u00a0el plan de gesti\u00f3n, acciones de prevenci\u00f3n, procesos de mediaci\u00f3n entre otras para toda nuestra comunidad educativa.[\/vc_column_text][\/vc_column][\/vc_row][vc_row][vc_column][stm_spacing lg_spacing=&#8221;80&#8243; md_spacing=&#8221;80&#8243; sm_spacing=&#8221;80&#8243; xs_spacing=&#8221;40&#8243;][\/vc_column][\/vc_row][vc_row equal_height=&#8221;yes&#8221; content_placement=&#8221;bottom&#8221;][vc_column width=&#8221;3\/4&#8243;][vc_column_text]Mis competencias profesionales desde el \u00e1mbito educacional hacen referencia\u00a0al an\u00e1lisis, reflexi\u00f3n e intervenci\u00f3n de distintas\u00a0situaciones del\u00a0contexto escolar, con la finalidad de apoyar y contribuir\u00a0al proceso personal social y educativo de los y las estudiantes. Siguiendo la misma l\u00ednea de ideas considero relevante la flexibilidad\u00a0y adaptaci\u00f3n, junto con el trabajo colaborativo. Por \u00faltimo, considero importante destacar el buen trato, respeto y la misi\u00f3n de contribuir al desarrollo integral de ni\u00f1os, ni\u00f1as y adolescentes.[\/vc_column_text][\/vc_column][vc_column width=&#8221;1\/4&#8243;][stm_title title_tag=&#8221;h2&#8243; sep_color=&#8221;custom&#8221; sep_enable=&#8221;true&#8221; title=&#8221;Psic\u00f3logo Convivencia Escolar&#8221; sep_color_custom=&#8221;#7a1a1c&#8221;][\/stm_title][vc_single_image image=&#8221;3633&#8243; alignment=&#8221;center&#8221;][\/vc_column][\/vc_row][vc_row][vc_column][stm_spacing lg_spacing=&#8221;80&#8243; md_spacing=&#8221;80&#8243; sm_spacing=&#8221;80&#8243; xs_spacing=&#8221;40&#8243;][\/vc_column][\/vc_row][vc_row equal_height=&#8221;yes&#8221; content_placement=&#8221;bottom&#8221;][vc_column width=&#8221;1\/4&#8243;][stm_title title_tag=&#8221;h2&#8243; sep_color=&#8221;custom&#8221; sep_enable=&#8221;true&#8221; title=&#8221;Director&#8221; sep_color_custom=&#8221;#7a1a1c&#8221;][\/stm_title][vc_single_image image=&#8221;3634&#8243; alignment=&#8221;center&#8221;][\/vc_column][vc_column width=&#8221;3\/4&#8243;][stm_spacing lg_spacing=&#8221;80&#8243; md_spacing=&#8221;80&#8243; sm_spacing=&#8221;80&#8243; xs_spacing=&#8221;40&#8243;][vc_column_text]Compromiso y capacidad de aprendizaje, incorporando variables de optimizaci\u00f3n organizacional en el \u00e1mbito educativo. Generador de la promoci\u00f3n del trabajo en equipo y la orientaci\u00f3n hacia el logro de los objetivos en un marco de inclusi\u00f3n y equidad.<\/p>\n<p>Alta capacidad de gesti\u00f3n y an\u00e1lisis del contexto educativo, de los procesos pedag\u00f3gicos en pro de la mejora de los procesos de ense\u00f1anza y aprendizaje en escenarios complejos y de alta din\u00e1mica de cambios permanentes.[\/vc_column_text][\/vc_column][\/vc_row][vc_row][vc_column][stm_spacing lg_spacing=&#8221;80&#8243; md_spacing=&#8221;80&#8243; sm_spacing=&#8221;80&#8243; xs_spacing=&#8221;40&#8243;][\/vc_column][\/vc_row]<\/p>\n<\/section>","protected":false},"excerpt":{"rendered":"<p>[vc_row equal_height=&#8221;yes&#8221; content_placement=&#8221;bottom&#8221;][vc_column width=&#8221;1\/4&#8243;][stm_title title_tag=&#8221;h2&#8243; sep_color=&#8221;custom&#8221; sep_enable=&#8221;true&#8221; title=&#8221;Inspector&#8221; sep_color_custom=&#8221;#7a1a1c&#8221;][\/stm_title][vc_single_image image=&#8221;3615&#8243; alignment=&#8221;center&#8221;][\/vc_column][vc_column width=&#8221;3\/4&#8243;][stm_spacing lg_spacing=&#8221;80&#8243; md_spacing=&#8221;80&#8243; sm_spacing=&#8221;80&#8243; xs_spacing=&#8221;40&#8243;][vc_column_text]Las competencias m\u00e1s relevantes: Apoyar el desarrollo de la convivencia escolar, Mantener la convivencia escolar, Educar y formar transversalmente a los estudiantes de la comunidad educativa, Resguardar la integridad de los estudiantes, Realizar labores Administrativas de la inspector\u00eda general, Apoyo [&hellip;]<\/p>\n","protected":false},"author":1,"featured_media":0,"parent":0,"menu_order":0,"comment_status":"closed","ping_status":"closed","template":"","meta":{"om_disable_all_campaigns":false,"_monsterinsights_skip_tracking":false,"_monsterinsights_sitenote_active":false,"_monsterinsights_sitenote_note":"","_monsterinsights_sitenote_category":0,"_uf_show_specific_survey":0,"_uf_disable_surveys":false,"h5ap_radio_sources":[],"footnotes":""},"class_list":["post-3610","page","type-page","status-publish","hentry"],"aioseo_notices":[],"_links":{"self":[{"href":"https:\/\/kidsworldschool.cl\/index.php\/wp-json\/wp\/v2\/pages\/3610","targetHints":{"allow":["GET"]}}],"collection":[{"href":"https:\/\/kidsworldschool.cl\/index.php\/wp-json\/wp\/v2\/pages"}],"about":[{"href":"https:\/\/kidsworldschool.cl\/index.php\/wp-json\/wp\/v2\/types\/page"}],"author":[{"embeddable":true,"href":"https:\/\/kidsworldschool.cl\/index.php\/wp-json\/wp\/v2\/users\/1"}],"replies":[{"embeddable":true,"href":"https:\/\/kidsworldschool.cl\/index.php\/wp-json\/wp\/v2\/comments?post=3610"}],"version-history":[{"count":18,"href":"https:\/\/kidsworldschool.cl\/index.php\/wp-json\/wp\/v2\/pages\/3610\/revisions"}],"predecessor-version":[{"id":3629,"href":"https:\/\/kidsworldschool.cl\/index.php\/wp-json\/wp\/v2\/pages\/3610\/revisions\/3629"}],"wp:attachment":[{"href":"https:\/\/kidsworldschool.cl\/index.php\/wp-json\/wp\/v2\/media?parent=3610"}],"curies":[{"name":"wp","href":"https:\/\/api.w.org\/{rel}","templated":true}]}}

Competencias Equipo de Gestión

<section class="wpb-content-wrapper"><p>[vc_row equal_height=&#8221;yes&#8221; content_placement=&#8221;bottom&#8221;][vc_column width=&#8221;1/4&#8243;][stm_title title_tag=&#8221;h2&#8243; sep_color=&#8221;custom&#8221; sep_enable=&#8221;true&#8221; title=&#8221;Inspector&#8221; sep_color_custom=&#8221;#7a1a1c&#8221;][/stm_title][vc_single_image image=&#8221;3615&#8243; alignment=&#8221;center&#8221;][/vc_column][vc_column width=&#8221;3/4&#8243;][stm_spacing lg_spacing=&#8221;80&#8243; md_spacing=&#8221;80&#8243; sm_spacing=&#8221;80&#8243; xs_spacing=&#8221;40&#8243;][vc_column_text]Las competencias más relevantes: Apoyar el desarrollo de la convivencia escolar, Mantener la convivencia escolar, Educar y formar transversalmente a los estudiantes de la comunidad educativa, Resguardar la integridad de los estudiantes, Realizar labores Administrativas de la inspectoría general, Apoyo al modelo de desarrollo de la unidad educativa, Mantener la trayectoria educativa conductual de los(as) estudiantes. Las competencias más relevantes: Apoyar el desarrollo de la convivencia escolar, Mantener la convivencia escolar, Educar y formar transversalmente a los estudiantes de la comunidad educativa, Resguardar la integridad de los estudiantes, Realizar labores Administrativas de la inspectoría general, Apoyo al modelo de desarrollo de la unidad educativa, Mantener la trayectoria educativa conductual de los(as) estudiantes.[/vc_column_text][/vc_column][/vc_row][vc_row][vc_column][stm_spacing lg_spacing=&#8221;80&#8243; md_spacing=&#8221;80&#8243; sm_spacing=&#8221;80&#8243; xs_spacing=&#8221;40&#8243;][/vc_column][/vc_row][vc_row equal_height=&#8221;yes&#8221; content_placement=&#8221;bottom&#8221;][vc_column width=&#8221;3/4&#8243;][vc_column_text]Capacidad para tomar decisiones, flexibilidad y adaptabilidad al cambio, capacidad de aprendizaje, para trabajar en equipo, formación coherente con el ámbito educativo (currículo, evaluación y gestión escolar), liderazgo y capacidad de comunicación e interacción personal, capacidad para resolver problemas. Y orientación ética.[/vc_column_text][/vc_column][vc_column width=&#8221;1/4&#8243;][stm_title title_tag=&#8221;h2&#8243; sep_color=&#8221;custom&#8221; sep_enable=&#8221;true&#8221; title=&#8221;Jefa de UTP&#8221; sep_color_custom=&#8221;#7a1a1c&#8221;][/stm_title][vc_single_image image=&#8221;3636&#8243; alignment=&#8221;center&#8221;][/vc_column][/vc_row][vc_row][vc_column][stm_spacing lg_spacing=&#8221;80&#8243; md_spacing=&#8221;80&#8243; sm_spacing=&#8221;80&#8243; xs_spacing=&#8221;40&#8243;][/vc_column][/vc_row][vc_row equal_height=&#8221;yes&#8221; content_placement=&#8221;bottom&#8221;][vc_column width=&#8221;1/4&#8243;][stm_title title_tag=&#8221;h2&#8243; sep_color=&#8221;custom&#8221; sep_enable=&#8221;true&#8221; title=&#8221;Orientadora&#8221; sep_color_custom=&#8221;#7a1a1c&#8221;][/stm_title][vc_single_image image=&#8221;3613&#8243; alignment=&#8221;center&#8221;][/vc_column][vc_column width=&#8221;3/4&#8243;][stm_spacing lg_spacing=&#8221;80&#8243; md_spacing=&#8221;80&#8243; sm_spacing=&#8221;80&#8243; xs_spacing=&#8221;40&#8243;][vc_column_text]Como encargada del área de orientación ofrezco a los niños, niñas y adolescentes que son parte de la comunidad, y por medio de las actividades propias del Departamento de orientación, un espacio participativo en la formación afectiva, social y académica, que les permitan un desarrollo equilibrado de su personalidad, su proyecto de vida y la convivencia con sus pares, a través de la empatía y escucha activa.[/vc_column_text][/vc_column][/vc_row][vc_row][vc_column][stm_spacing lg_spacing=&#8221;80&#8243; md_spacing=&#8221;80&#8243; sm_spacing=&#8221;80&#8243; xs_spacing=&#8221;40&#8243;][/vc_column][/vc_row][vc_row equal_height=&#8221;yes&#8221; content_placement=&#8221;bottom&#8221;][vc_column width=&#8221;3/4&#8243;][vc_column_text]Soy Ivón Galleguillos Cortés, coordinadora del Programa de Integración Escolar, educadora diferencial especialista en desarrollo y aprendizaje. Desde mi rol realizo una organización y seguimiento del trabajo de las educadoras diferenciales y asistentes profesionales, favoreciendo el trabajo colaborativo, en función de las necesidades educativas especiales que presentan los estudiantes.[/vc_column_text][/vc_column][vc_column width=&#8221;1/4&#8243;][stm_title title_tag=&#8221;h2&#8243; sep_color=&#8221;custom&#8221; sep_enable=&#8221;true&#8221; title=&#8221;Coordinadora PIE&#8221; sep_color_custom=&#8221;#7a1a1c&#8221;][/stm_title][vc_single_image image=&#8221;3630&#8243; alignment=&#8221;center&#8221;][/vc_column][/vc_row][vc_row][vc_column][stm_spacing lg_spacing=&#8221;80&#8243; md_spacing=&#8221;80&#8243; sm_spacing=&#8221;80&#8243; xs_spacing=&#8221;40&#8243;][/vc_column][/vc_row][vc_row equal_height=&#8221;yes&#8221; content_placement=&#8221;bottom&#8221;][vc_column width=&#8221;1/4&#8243;][stm_title title_tag=&#8221;h2&#8243; sep_color=&#8221;custom&#8221; sep_enable=&#8221;true&#8221; title=&#8221;Encargado de Convivencia Escolar&#8221; sep_color_custom=&#8221;#7a1a1c&#8221;][/stm_title][vc_single_image image=&#8221;3632&#8243; alignment=&#8221;center&#8221;][/vc_column][vc_column width=&#8221;3/4&#8243;][stm_spacing lg_spacing=&#8221;80&#8243; md_spacing=&#8221;80&#8243; sm_spacing=&#8221;80&#8243; xs_spacing=&#8221;40&#8243;][vc_column_text]Soy Sebastián Benítez, encargado de convivencia escolar desarrollando el cargo desde más de 11 años, incorporando habilidades blandas tales como escucha activa, empatía, asertividad, que pongo a disposición en el trabajo colaborativo con los diferentes estamentos, dentro de las responsabilidades de mi cargo es importante ejecutar e implementar el plan de gestión, acciones de prevención, procesos de mediación entre otras para toda nuestra comunidad educativa.[/vc_column_text][/vc_column][/vc_row][vc_row][vc_column][stm_spacing lg_spacing=&#8221;80&#8243; md_spacing=&#8221;80&#8243; sm_spacing=&#8221;80&#8243; xs_spacing=&#8221;40&#8243;][/vc_column][/vc_row][vc_row equal_height=&#8221;yes&#8221; content_placement=&#8221;bottom&#8221;][vc_column width=&#8221;3/4&#8243;][vc_column_text]Mis competencias profesionales desde el ámbito educacional hacen referencia al análisis, reflexión e intervención de distintas situaciones del contexto escolar, con la finalidad de apoyar y contribuir al proceso personal social y educativo de los y las estudiantes. Siguiendo la misma línea de ideas considero relevante la flexibilidad y adaptación, junto con el trabajo colaborativo. Por último, considero importante destacar el buen trato, respeto y la misión de contribuir al desarrollo integral de niños, niñas y adolescentes.[/vc_column_text][/vc_column][vc_column width=&#8221;1/4&#8243;][stm_title title_tag=&#8221;h2&#8243; sep_color=&#8221;custom&#8221; sep_enable=&#8221;true&#8221; title=&#8221;Psicólogo Convivencia Escolar&#8221; sep_color_custom=&#8221;#7a1a1c&#8221;][/stm_title][vc_single_image image=&#8221;3633&#8243; alignment=&#8221;center&#8221;][/vc_column][/vc_row][vc_row][vc_column][stm_spacing lg_spacing=&#8221;80&#8243; md_spacing=&#8221;80&#8243; sm_spacing=&#8221;80&#8243; xs_spacing=&#8221;40&#8243;][/vc_column][/vc_row][vc_row equal_height=&#8221;yes&#8221; content_placement=&#8221;bottom&#8221;][vc_column width=&#8221;1/4&#8243;][stm_title title_tag=&#8221;h2&#8243; sep_color=&#8221;custom&#8221; sep_enable=&#8221;true&#8221; title=&#8221;Director&#8221; sep_color_custom=&#8221;#7a1a1c&#8221;][/stm_title][vc_single_image image=&#8221;3634&#8243; alignment=&#8221;center&#8221;][/vc_column][vc_column width=&#8221;3/4&#8243;][stm_spacing lg_spacing=&#8221;80&#8243; md_spacing=&#8221;80&#8243; sm_spacing=&#8221;80&#8243; xs_spacing=&#8221;40&#8243;][vc_column_text]Compromiso y capacidad de aprendizaje, incorporando variables de optimización organizacional en el ámbito educativo. Generador de la promoción del trabajo en equipo y la orientación hacia el logro de los objetivos en un marco de inclusión y equidad.</p>
<p>Alta capacidad de gestión y análisis del contexto educativo, de los procesos pedagógicos en pro de la mejora de los procesos de enseñanza y aprendizaje en escenarios complejos y de alta dinámica de cambios permanentes.[/vc_column_text][/vc_column][/vc_row][vc_row][vc_column][stm_spacing lg_spacing=&#8221;80&#8243; md_spacing=&#8221;80&#8243; sm_spacing=&#8221;80&#8243; xs_spacing=&#8221;40&#8243;][/vc_column][/vc_row]</p>
</section>

<p>[vc_row equal_height=&#8221;yes&#8221; content_placement=&#8221;bottom&#8221;][vc_column width=&#8221;1/4&#8243;][stm_title title_tag=&#8221;h2&#8243; sep_color=&#8221;custom&#8221; sep_enable=&#8221;true&#8221; title=&#8221;Inspector&#8221; sep_color_custom=&#8221;#7a1a1c&#8221;][/stm_title][vc_single_image image=&#8221;3615&#8243; alignment=&#8221;center&#8221;][/vc_column][vc_column width=&#8221;3/4&#8243;][stm_spacing lg_spacing=&#8221;80&#8243; md_spacing=&#8221;80&#8243; sm_spacing=&#8221;80&#8243; xs_spacing=&#8221;40&#8243;][vc_column_text]Las competencias más relevantes: Apoyar el desarrollo de la convivencia escolar, Mantener la convivencia escolar, Educar y formar transversalmente a los estudiantes de la comunidad educativa, Resguardar la integridad de los estudiantes, Realizar labores Administrativas de la inspectoría general, Apoyo [&hellip;]</p>
