{"id":3785,"date":"2023-10-19T03:54:48","date_gmt":"2023-10-19T03:54:48","guid":{"rendered":"https:\/\/kidsworldschool.cl\/?page_id=3785"},"modified":"2023-12-19T16:19:23","modified_gmt":"2023-12-19T16:19:23","slug":"uso-seguro-de-redes-sociales","status":"publish","type":"page","link":"https:\/\/kidsworldschool.cl\/index.php\/uso-seguro-de-redes-sociales\/","title":{"rendered":"Uso seguro de redes sociales"},"content":{"rendered":"<section class=\"wpb-content-wrapper\"><p>[vc_row][vc_column][vc_single_image image=&#8221;3789&#8243; img_size=&#8221;large&#8221; alignment=&#8221;center&#8221;][\/vc_column][\/vc_row][vc_row][vc_column][stm_title sep_color=&#8221;custom&#8221; sep_enable=&#8221;true&#8221; subtitle_enable=&#8221;true&#8221; title=&#8221;POL\u00cdTICAS DEL COLEGIO PARA EL USO DE REDES SOCIALES, CORREO ELECTR\u00d3NICO Y OTROS MEDIOS DE COMUNICACI\u00d3N EN L\u00cdNEA&#8221; sep_color_custom=&#8221;#7a1a1c&#8221;]<strong>Introducci\u00f3n:<\/strong>[\/stm_title][\/vc_column][\/vc_row][vc_row][vc_column][vc_column_text]Este documento tiene como objetivo establecer las pol\u00edticas del colegio en relaci\u00f3n con el uso de redes sociales, correo electr\u00f3nico y otros medios de comunicaci\u00f3n en l\u00ednea por parte de apoderados y alumnos. La presente regulaci\u00f3n tiene en cuenta la protecci\u00f3n del derecho a la propia imagen de los individuos y promueve el uso responsable y \u00e9tico de estas plataformas.[\/vc_column_text][\/vc_column][\/vc_row][vc_row][vc_column][stm_title sep_color=&#8221;custom&#8221; sep_enable=&#8221;true&#8221; subtitle_enable=&#8221;true&#8221; sep_color_custom=&#8221;#7a1a1c&#8221;]<strong>Uso Responsable de las Redes Sociales y Correo Electr\u00f3nico:<\/strong>[\/stm_title][\/vc_column][\/vc_row][vc_row][vc_column][vc_column_text]<\/p>\n<ol>\n<li><strong>Respeto a la Privacidad:<\/strong> Los apoderados y alumnos deben respetar la privacidad de otros miembros de la comunidad escolar y no divulgar informaci\u00f3n confidencial sin autorizaci\u00f3n.<\/li>\n<li><strong>No Discriminaci\u00f3n:<\/strong> Est\u00e1 prohibido publicar contenido que sea difamatorio, discriminatorio, ofensivo o que viole los derechos de cualquier persona o grupo.<\/li>\n<li><strong>Protecci\u00f3n de Derechos de Autor:<\/strong> No se debe compartir contenido protegido por derechos de autor sin permiso del titular.<\/li>\n<li><strong>Acoso y Ciberacoso:<\/strong> El acoso, ya sea en persona o en l\u00ednea, no ser\u00e1 tolerado. Cualquier forma de ciberacoso ser\u00e1 tratada con seriedad y puede dar lugar a medidas disciplinarias.<\/li>\n<\/ol>\n<p>[\/vc_column_text][\/vc_column][\/vc_row][vc_row][vc_column][stm_title sep_color=&#8221;custom&#8221; sep_enable=&#8221;true&#8221; subtitle_enable=&#8221;true&#8221; sep_color_custom=&#8221;#7a1a1c&#8221;]<strong>Derecho a la Propia Imagen:<\/strong>[\/stm_title][\/vc_column][\/vc_row][vc_row][vc_column][vc_column_text]<\/p>\n<ol>\n<li><strong>Autorizaci\u00f3n para Uso de Im\u00e1genes:<\/strong> El colegio respeta el derecho a la propia imagen de los individuos. Los apoderados autorizan el uso de im\u00e1genes de sus hijos con fines educativos y promocionales en el momento de la matr\u00edcula.<\/li>\n<li><strong>Consentimiento Informado:<\/strong> Se requerir\u00e1 el consentimiento expl\u00edcito para el uso de im\u00e1genes de alumnos en situaciones que no est\u00e9n relacionadas con actividades escolares regulares. Los apoderados ser\u00e1n informados previamente y podr\u00e1n dar o negar su consentimiento.<\/li>\n<li><strong>Uso Responsable de Im\u00e1genes:<\/strong> Las im\u00e1genes compartidas en l\u00ednea deben ser respetuosas y apropiadas. Se proh\u00edbe el uso no autorizado de im\u00e1genes de otros miembros de la comunidad escolar.<\/li>\n<\/ol>\n<p>[\/vc_column_text][\/vc_column][\/vc_row][vc_row][vc_column][stm_title sep_color=&#8221;custom&#8221; sep_enable=&#8221;true&#8221; subtitle_enable=&#8221;true&#8221; sep_color_custom=&#8221;#7a1a1c&#8221;]<strong>Responsabilidades y Consecuencias:<\/strong>[\/stm_title][\/vc_column][\/vc_row][vc_row][vc_column][vc_column_text]<\/p>\n<ol>\n<li>\n<ol>\n<li><strong>Uso Indebido:<\/strong> El uso indebido de im\u00e1genes o contenidos de la p\u00e1gina web del colegio o de las redes sociales puede dar lugar a responsabilidades civiles y penales seg\u00fan lo establecido por la ley.<\/li>\n<li><strong>Medidas Disciplinarias:<\/strong> Los apoderados y alumnos deben acatar estas pol\u00edticas. El incumplimiento de las mismas puede resultar en medidas disciplinarias, que pueden incluir la suspensi\u00f3n o la expulsi\u00f3n en casos graves.<\/li>\n<\/ol>\n<p><strong>Conclusi\u00f3n:<\/strong> El uso de redes sociales y otros medios de comunicaci\u00f3n en l\u00ednea es una herramienta importante, pero debe llevarse a cabo de manera responsable y respetuosa. El colegio promueve un ambiente en el que se respetan los derechos de todos los miembros de la comunidad escolar.<\/li>\n<\/ol>\n<p>[\/vc_column_text][vc_single_image image=&#8221;3432&#8243; img_size=&#8221;medium&#8221; alignment=&#8221;center&#8221;][\/vc_column][\/vc_row]<\/p>\n<\/section>","protected":false},"excerpt":{"rendered":"<p>[vc_row][vc_column][vc_single_image image=&#8221;3789&#8243; img_size=&#8221;large&#8221; alignment=&#8221;center&#8221;][\/vc_column][\/vc_row][vc_row][vc_column][stm_title sep_color=&#8221;custom&#8221; sep_enable=&#8221;true&#8221; subtitle_enable=&#8221;true&#8221; title=&#8221;POL\u00cdTICAS DEL COLEGIO PARA EL USO DE REDES SOCIALES, CORREO ELECTR\u00d3NICO Y OTROS MEDIOS DE COMUNICACI\u00d3N EN L\u00cdNEA&#8221; sep_color_custom=&#8221;#7a1a1c&#8221;]Introducci\u00f3n:[\/stm_title][\/vc_column][\/vc_row][vc_row][vc_column][vc_column_text]Este documento tiene como objetivo establecer las pol\u00edticas del colegio en relaci\u00f3n con el uso de redes sociales, correo electr\u00f3nico y otros medios de comunicaci\u00f3n en l\u00ednea por parte de [&hellip;]<\/p>\n","protected":false},"author":1,"featured_media":3789,"parent":0,"menu_order":0,"comment_status":"closed","ping_status":"closed","template":"","meta":{"om_disable_all_campaigns":false,"_monsterinsights_skip_tracking":false,"_monsterinsights_sitenote_active":false,"_monsterinsights_sitenote_note":"","_monsterinsights_sitenote_category":0,"_uf_show_specific_survey":0,"_uf_disable_surveys":false,"h5ap_radio_sources":[],"footnotes":""},"class_list":["post-3785","page","type-page","status-publish","has-post-thumbnail","hentry"],"aioseo_notices":[],"_links":{"self":[{"href":"https:\/\/kidsworldschool.cl\/index.php\/wp-json\/wp\/v2\/pages\/3785","targetHints":{"allow":["GET"]}}],"collection":[{"href":"https:\/\/kidsworldschool.cl\/index.php\/wp-json\/wp\/v2\/pages"}],"about":[{"href":"https:\/\/kidsworldschool.cl\/index.php\/wp-json\/wp\/v2\/types\/page"}],"author":[{"embeddable":true,"href":"https:\/\/kidsworldschool.cl\/index.php\/wp-json\/wp\/v2\/users\/1"}],"replies":[{"embeddable":true,"href":"https:\/\/kidsworldschool.cl\/index.php\/wp-json\/wp\/v2\/comments?post=3785"}],"version-history":[{"count":4,"href":"https:\/\/kidsworldschool.cl\/index.php\/wp-json\/wp\/v2\/pages\/3785\/revisions"}],"predecessor-version":[{"id":3791,"href":"https:\/\/kidsworldschool.cl\/index.php\/wp-json\/wp\/v2\/pages\/3785\/revisions\/3791"}],"wp:featuredmedia":[{"embeddable":true,"href":"https:\/\/kidsworldschool.cl\/index.php\/wp-json\/wp\/v2\/media\/3789"}],"wp:attachment":[{"href":"https:\/\/kidsworldschool.cl\/index.php\/wp-json\/wp\/v2\/media?parent=3785"}],"curies":[{"name":"wp","href":"https:\/\/api.w.org\/{rel}","templated":true}]}}